{"id":2184,"date":"2025-09-02T20:43:56","date_gmt":"2025-09-02T20:43:56","guid":{"rendered":"https:\/\/polisecuador.org\/?p=2184&#038;post_type=editoriales&#038;preview_id=2184"},"modified":"2025-09-03T04:29:12","modified_gmt":"2025-09-03T04:29:12","slug":"la-inestabilidad-hecha-norma","status":"publish","type":"editoriales","link":"https:\/\/polisecuador.org\/en\/editoriales\/la-inestabilidad-hecha-norma\/","title":{"rendered":"La Inestabilidad Hecha Norma"},"content":{"rendered":"<p class=\"has-text-align-left\">La historia pol\u00edtica del Ecuador puede resumirse en una sola palabra: <strong><em>inestabilidad<\/em><\/strong>. Desde 1830, cuando iniciamos la vida republicana con un presidente extranjero de origen venezolano, Juan Jos\u00e9 Flores, arrastramos la contradicci\u00f3n de un proyecto nacional marcado m\u00e1s por la influencia externa y las disputas caudillistas que por una visi\u00f3n solida de <strong>Estado.&nbsp;<\/strong>Aquella fragilidad inicial nunca se corrigi\u00f3, y sus consecuencias todav\u00eda pesan sobre nosotros.<\/p>\n\n\n\n<p class=\"has-text-align-left\">Un ejemplo evidente es la cantidad innecesaria de constituciones que hemos tenido. M\u00e1s de veinte Cartas Magnas en menos de dos siglos son el reflejo de un pa\u00eds que no logra ponerse de acuerdo sobre un pacto com\u00fan, siendo as\u00ed que en Ecuador, cada constituci\u00f3n ha respondido a la convivencia de un gobernante de turno, no a las <strong>necesidades<\/strong> de la naci\u00f3n, y mucho menos del ciudadano de pie de tal manera que nos hemos condenado a la improvisaci\u00f3n, la inseguridad jur\u00eddica y la desconfianza tanto dentro como fuera del pa\u00eds.<\/p>\n\n\n\n<p class=\"has-text-align-left\">La Constituci\u00f3n de <strong>2008<\/strong> es quiz\u00e1s el mejor ejemplo de este problema en donde se redact\u00f3 en un <strong>contexto populista<\/strong> donde el pueblo no votaba con el cerebro sino con el est\u00f3mago y con una visi\u00f3n excesivamente <strong>progresista<\/strong>, prioriz\u00f3 un cat\u00e1logo casi ut\u00f3pico de derechos mientras debilit\u00f3 la institucionalidad y encaden\u00f3 a la econom\u00eda al gasto p\u00fablico descontrolado en donde hoy, 17 a\u00f1os despu\u00e9s pagamos ese costo: un marco garantista que protege m\u00e1s a un delincuente que a un ciudadano; trabas burocr\u00e1ticas que espantan la inversi\u00f3n privada y extranjera; y una justicia atrapada en politizaci\u00f3n y lentitud.<\/p>\n\n\n\n<p class=\"has-text-align-left\">El resultado est\u00e1 a la vista pues somos un pa\u00eds con un historial republicano marcado por gobiernos ca\u00eddos, presidentes derrocados, pr\u00f3fugos de la justicia, pactos pol\u00edticos incumplidos y movimientos sociales que han encontrado en la presi\u00f3n de las calles una herramienta m\u00e1s fuerte que el respeto a la ley. La inestabilidad constitucional no es solo un tema abstracto: es una de las causas de nuestro <strong>subdesarrollo<\/strong>, de nuestra <strong>falta de oportunidades<\/strong> y de la <strong>inseguridad<\/strong> que nos agobia.<\/p>\n\n\n\n<p class=\"has-text-align-left\">La verdadera modernidad no est\u00e1 en multiplicar derechos imposible de cumplir ni en seguir el ritmo de un progresismo desmedido. La <strong>modernidad real<\/strong> est\u00e1 en tener instituciones fuertes, una Constituci\u00f3n breve y clara, una econom\u00eda abierta al mundo, seguridad para los ciudadanos y respeto a la <strong>libertad individual<\/strong>.<\/p>\n\n\n\n<figure class=\"wp-block-image\"><img decoding=\"async\" src=\"https:\/\/gk.city\/wp-content\/uploads\/2021\/12\/constituciones-ecuador.jpg\" alt=\"Una (breve) gu\u00eda a todas las Constituciones del Ecuador\" \/><\/figure>\n<span class=\"et_bloom_bottom_trigger\"><\/span>","protected":false},"excerpt":{"rendered":"<p>La historia pol\u00edtica del Ecuador puede resumirse en una sola palabra: inestabilidad. Desde 1830, cuando iniciamos la vida republicana con un presidente extranjero de origen venezolano, Juan Jos\u00e9 Flores, arrastramos la contradicci\u00f3n de un proyecto nacional marcado m\u00e1s por la influencia externa y las disputas caudillistas que por una visi\u00f3n solida de Estado.&nbsp;Aquella fragilidad inicial [&hellip;]<\/p>\n","protected":false},"author":93,"featured_media":0,"template":"","class_list":["post-2184","editoriales","type-editoriales","status-publish","hentry"],"pp_statuses_selecting_workflow":false,"pp_workflow_action":"current","pp_status_selection":"publish","acf":[],"yoast_head":"<!-- This site is optimized with the Yoast SEO plugin v27.5 - https:\/\/yoast.com\/product\/yoast-seo-wordpress\/ -->\n<title>La Inestabilidad Hecha Norma - Polis Ecuador<\/title>\n<meta name=\"description\" content=\"An\u00e1lisis enfocado en la problem\u00e1tica constitucional a lo largo de la historia republicana del Ecuador y como este desde sus or\u00edgenes ha presentado falencias.\" \/>\n<meta name=\"robots\" content=\"index, follow, max-snippet:-1, max-image-preview:large, max-video-preview:-1\" \/>\n<link rel=\"canonical\" href=\"https:\/\/polisecuador.org\/en\/editoriales\/la-inestabilidad-hecha-norma\/\" \/>\n<meta property=\"og:locale\" content=\"en_US\" \/>\n<meta property=\"og:type\" content=\"article\" \/>\n<meta property=\"og:title\" content=\"La Inestabilidad Hecha Norma - Polis Ecuador\" \/>\n<meta property=\"og:description\" content=\"An\u00e1lisis enfocado en la problem\u00e1tica constitucional a lo largo de la historia republicana del Ecuador y como este desde sus or\u00edgenes ha presentado falencias.\" \/>\n<meta property=\"og:url\" content=\"https:\/\/polisecuador.org\/en\/editoriales\/la-inestabilidad-hecha-norma\/\" \/>\n<meta property=\"og:site_name\" content=\"Polis Ecuador\" \/>\n<meta property=\"article:publisher\" content=\"https:\/\/www.facebook.com\/polisecuador\" \/>\n<meta property=\"article:modified_time\" content=\"2025-09-03T04:29:12+00:00\" \/>\n<meta property=\"og:image\" content=\"https:\/\/gk.city\/wp-content\/uploads\/2021\/12\/constituciones-ecuador.jpg\" \/>\n<meta name=\"twitter:card\" content=\"summary_large_image\" \/>\n<meta name=\"twitter:site\" content=\"@polisecuador\" \/>\n<meta name=\"twitter:label1\" content=\"Est. reading time\" \/>\n\t<meta name=\"twitter:data1\" content=\"2 minutes\" \/>\n<script type=\"application\/ld+json\" class=\"yoast-schema-graph\">{\"@context\":\"https:\\\/\\\/schema.org\",\"@graph\":[{\"@type\":\"WebPage\",\"@id\":\"https:\\\/\\\/polisecuador.org\\\/editoriales\\\/la-inestabilidad-hecha-norma\\\/\",\"url\":\"https:\\\/\\\/polisecuador.org\\\/editoriales\\\/la-inestabilidad-hecha-norma\\\/\",\"name\":\"La Inestabilidad Hecha Norma - Polis Ecuador\",\"isPartOf\":{\"@id\":\"https:\\\/\\\/polisecuador.org\\\/#website\"},\"primaryImageOfPage\":{\"@id\":\"https:\\\/\\\/polisecuador.org\\\/editoriales\\\/la-inestabilidad-hecha-norma\\\/#primaryimage\"},\"image\":{\"@id\":\"https:\\\/\\\/polisecuador.org\\\/editoriales\\\/la-inestabilidad-hecha-norma\\\/#primaryimage\"},\"thumbnailUrl\":\"https:\\\/\\\/gk.city\\\/wp-content\\\/uploads\\\/2021\\\/12\\\/constituciones-ecuador.jpg\",\"datePublished\":\"2025-09-02T20:43:56+00:00\",\"dateModified\":\"2025-09-03T04:29:12+00:00\",\"description\":\"An\u00e1lisis enfocado en la problem\u00e1tica constitucional a lo largo de la historia republicana del Ecuador y como este desde sus or\u00edgenes ha presentado falencias.\",\"breadcrumb\":{\"@id\":\"https:\\\/\\\/polisecuador.org\\\/editoriales\\\/la-inestabilidad-hecha-norma\\\/#breadcrumb\"},\"inLanguage\":\"en-US\",\"potentialAction\":[{\"@type\":\"ReadAction\",\"target\":[\"https:\\\/\\\/polisecuador.org\\\/editoriales\\\/la-inestabilidad-hecha-norma\\\/\"]}]},{\"@type\":\"ImageObject\",\"inLanguage\":\"en-US\",\"@id\":\"https:\\\/\\\/polisecuador.org\\\/editoriales\\\/la-inestabilidad-hecha-norma\\\/#primaryimage\",\"url\":\"https:\\\/\\\/gk.city\\\/wp-content\\\/uploads\\\/2021\\\/12\\\/constituciones-ecuador.jpg\",\"contentUrl\":\"https:\\\/\\\/gk.city\\\/wp-content\\\/uploads\\\/2021\\\/12\\\/constituciones-ecuador.jpg\"},{\"@type\":\"BreadcrumbList\",\"@id\":\"https:\\\/\\\/polisecuador.org\\\/editoriales\\\/la-inestabilidad-hecha-norma\\\/#breadcrumb\",\"itemListElement\":[{\"@type\":\"ListItem\",\"position\":1,\"name\":\"Portada\",\"item\":\"https:\\\/\\\/polisecuador.org\\\/\"},{\"@type\":\"ListItem\",\"position\":2,\"name\":\"La Inestabilidad Hecha Norma\"}]},{\"@type\":\"WebSite\",\"@id\":\"https:\\\/\\\/polisecuador.org\\\/#website\",\"url\":\"https:\\\/\\\/polisecuador.org\\\/\",\"name\":\"Polis Ecuador\",\"description\":\"Academia de Formaci\u00f3n Pol\u00edtica\",\"publisher\":{\"@id\":\"https:\\\/\\\/polisecuador.org\\\/#organization\"},\"potentialAction\":[{\"@type\":\"SearchAction\",\"target\":{\"@type\":\"EntryPoint\",\"urlTemplate\":\"https:\\\/\\\/polisecuador.org\\\/?s={search_term_string}\"},\"query-input\":{\"@type\":\"PropertyValueSpecification\",\"valueRequired\":true,\"valueName\":\"search_term_string\"}}],\"inLanguage\":\"en-US\"},{\"@type\":\"Organization\",\"@id\":\"https:\\\/\\\/polisecuador.org\\\/#organization\",\"name\":\"Polis Ecuador\",\"url\":\"https:\\\/\\\/polisecuador.org\\\/\",\"logo\":{\"@type\":\"ImageObject\",\"inLanguage\":\"en-US\",\"@id\":\"https:\\\/\\\/polisecuador.org\\\/#\\\/schema\\\/logo\\\/image\\\/\",\"url\":\"https:\\\/\\\/polisecuador.org\\\/wp-content\\\/uploads\\\/2023\\\/04\\\/polis-web.svg\",\"contentUrl\":\"https:\\\/\\\/polisecuador.org\\\/wp-content\\\/uploads\\\/2023\\\/04\\\/polis-web.svg\",\"width\":1391.69000000000005456968210637569427490234375,\"height\":754.1299999999999954525264911353588104248046875,\"caption\":\"Polis Ecuador\"},\"image\":{\"@id\":\"https:\\\/\\\/polisecuador.org\\\/#\\\/schema\\\/logo\\\/image\\\/\"},\"sameAs\":[\"https:\\\/\\\/www.facebook.com\\\/polisecuador\",\"https:\\\/\\\/x.com\\\/polisecuador\"]}]}<\/script>\n<!-- \/ Yoast SEO plugin. -->","yoast_head_json":{"title":"La Inestabilidad Hecha Norma - Polis Ecuador","description":"An\u00e1lisis enfocado en la problem\u00e1tica constitucional a lo largo de la historia republicana del Ecuador y como este desde sus or\u00edgenes ha presentado falencias.","robots":{"index":"index","follow":"follow","max-snippet":"max-snippet:-1","max-image-preview":"max-image-preview:large","max-video-preview":"max-video-preview:-1"},"canonical":"https:\/\/polisecuador.org\/en\/editoriales\/la-inestabilidad-hecha-norma\/","og_locale":"en_US","og_type":"article","og_title":"La Inestabilidad Hecha Norma - Polis Ecuador","og_description":"An\u00e1lisis enfocado en la problem\u00e1tica constitucional a lo largo de la historia republicana del Ecuador y como este desde sus or\u00edgenes ha presentado falencias.","og_url":"https:\/\/polisecuador.org\/en\/editoriales\/la-inestabilidad-hecha-norma\/","og_site_name":"Polis Ecuador","article_publisher":"https:\/\/www.facebook.com\/polisecuador","article_modified_time":"2025-09-03T04:29:12+00:00","og_image":[{"url":"https:\/\/gk.city\/wp-content\/uploads\/2021\/12\/constituciones-ecuador.jpg","type":"","width":"","height":""}],"twitter_card":"summary_large_image","twitter_site":"@polisecuador","twitter_misc":{"Est. reading time":"2 minutes"},"schema":{"@context":"https:\/\/schema.org","@graph":[{"@type":"WebPage","@id":"https:\/\/polisecuador.org\/editoriales\/la-inestabilidad-hecha-norma\/","url":"https:\/\/polisecuador.org\/editoriales\/la-inestabilidad-hecha-norma\/","name":"La Inestabilidad Hecha Norma - Polis Ecuador","isPartOf":{"@id":"https:\/\/polisecuador.org\/#website"},"primaryImageOfPage":{"@id":"https:\/\/polisecuador.org\/editoriales\/la-inestabilidad-hecha-norma\/#primaryimage"},"image":{"@id":"https:\/\/polisecuador.org\/editoriales\/la-inestabilidad-hecha-norma\/#primaryimage"},"thumbnailUrl":"https:\/\/gk.city\/wp-content\/uploads\/2021\/12\/constituciones-ecuador.jpg","datePublished":"2025-09-02T20:43:56+00:00","dateModified":"2025-09-03T04:29:12+00:00","description":"An\u00e1lisis enfocado en la problem\u00e1tica constitucional a lo largo de la historia republicana del Ecuador y como este desde sus or\u00edgenes ha presentado falencias.","breadcrumb":{"@id":"https:\/\/polisecuador.org\/editoriales\/la-inestabilidad-hecha-norma\/#breadcrumb"},"inLanguage":"en-US","potentialAction":[{"@type":"ReadAction","target":["https:\/\/polisecuador.org\/editoriales\/la-inestabilidad-hecha-norma\/"]}]},{"@type":"ImageObject","inLanguage":"en-US","@id":"https:\/\/polisecuador.org\/editoriales\/la-inestabilidad-hecha-norma\/#primaryimage","url":"https:\/\/gk.city\/wp-content\/uploads\/2021\/12\/constituciones-ecuador.jpg","contentUrl":"https:\/\/gk.city\/wp-content\/uploads\/2021\/12\/constituciones-ecuador.jpg"},{"@type":"BreadcrumbList","@id":"https:\/\/polisecuador.org\/editoriales\/la-inestabilidad-hecha-norma\/#breadcrumb","itemListElement":[{"@type":"ListItem","position":1,"name":"Portada","item":"https:\/\/polisecuador.org\/"},{"@type":"ListItem","position":2,"name":"La Inestabilidad Hecha Norma"}]},{"@type":"WebSite","@id":"https:\/\/polisecuador.org\/#website","url":"https:\/\/polisecuador.org\/","name":"Polis Ecuador","description":"Academia de Formaci\u00f3n Pol\u00edtica","publisher":{"@id":"https:\/\/polisecuador.org\/#organization"},"potentialAction":[{"@type":"SearchAction","target":{"@type":"EntryPoint","urlTemplate":"https:\/\/polisecuador.org\/?s={search_term_string}"},"query-input":{"@type":"PropertyValueSpecification","valueRequired":true,"valueName":"search_term_string"}}],"inLanguage":"en-US"},{"@type":"Organization","@id":"https:\/\/polisecuador.org\/#organization","name":"Polis Ecuador","url":"https:\/\/polisecuador.org\/","logo":{"@type":"ImageObject","inLanguage":"en-US","@id":"https:\/\/polisecuador.org\/#\/schema\/logo\/image\/","url":"https:\/\/polisecuador.org\/wp-content\/uploads\/2023\/04\/polis-web.svg","contentUrl":"https:\/\/polisecuador.org\/wp-content\/uploads\/2023\/04\/polis-web.svg","width":1391.69000000000005456968210637569427490234375,"height":754.1299999999999954525264911353588104248046875,"caption":"Polis Ecuador"},"image":{"@id":"https:\/\/polisecuador.org\/#\/schema\/logo\/image\/"},"sameAs":["https:\/\/www.facebook.com\/polisecuador","https:\/\/x.com\/polisecuador"]}]}},"_links":{"self":[{"href":"https:\/\/polisecuador.org\/en\/wp-json\/wp\/v2\/editoriales\/2184","targetHints":{"allow":["GET"]}}],"collection":[{"href":"https:\/\/polisecuador.org\/en\/wp-json\/wp\/v2\/editoriales"}],"about":[{"href":"https:\/\/polisecuador.org\/en\/wp-json\/wp\/v2\/types\/editoriales"}],"author":[{"embeddable":true,"href":"https:\/\/polisecuador.org\/en\/wp-json\/wp\/v2\/users\/93"}],"wp:attachment":[{"href":"https:\/\/polisecuador.org\/en\/wp-json\/wp\/v2\/media?parent=2184"}],"curies":[{"name":"wp","href":"https:\/\/api.w.org\/{rel}","templated":true}]}}

<p class="has-text-align-left">La historia política del Ecuador puede resumirse en una sola palabra: <strong><em>inestabilidad</em></strong>. Desde 1830, cuando iniciamos la vida republicana con un presidente extranjero de origen venezolano, Juan José Flores, arrastramos la contradicción de un proyecto nacional marcado más por la influencia externa y las disputas caudillistas que por una visión solida de <strong>Estado.&nbsp;</strong>Aquella fragilidad inicial nunca se corrigió, y sus consecuencias todavía pesan sobre nosotros.</p>



<p class="has-text-align-left">Un ejemplo evidente es la cantidad innecesaria de constituciones que hemos tenido. Más de veinte Cartas Magnas en menos de dos siglos son el reflejo de un país que no logra ponerse de acuerdo sobre un pacto común, siendo así que en Ecuador, cada constitución ha respondido a la convivencia de un gobernante de turno, no a las <strong>necesidades</strong> de la nación, y mucho menos del ciudadano de pie de tal manera que nos hemos condenado a la improvisación, la inseguridad jurídica y la desconfianza tanto dentro como fuera del país.</p>



<p class="has-text-align-left">La Constitución de <strong>2008</strong> es quizás el mejor ejemplo de este problema en donde se redactó en un <strong>contexto populista</strong> donde el pueblo no votaba con el cerebro sino con el estómago y con una visión excesivamente <strong>progresista</strong>, priorizó un catálogo casi utópico de derechos mientras debilitó la institucionalidad y encadenó a la economía al gasto público descontrolado en donde hoy, 17 años después pagamos ese costo: un marco garantista que protege más a un delincuente que a un ciudadano; trabas burocráticas que espantan la inversión privada y extranjera; y una justicia atrapada en politización y lentitud.</p>



<p class="has-text-align-left">El resultado está a la vista pues somos un país con un historial republicano marcado por gobiernos caídos, presidentes derrocados, prófugos de la justicia, pactos políticos incumplidos y movimientos sociales que han encontrado en la presión de las calles una herramienta más fuerte que el respeto a la ley. La inestabilidad constitucional no es solo un tema abstracto: es una de las causas de nuestro <strong>subdesarrollo</strong>, de nuestra <strong>falta de oportunidades</strong> y de la <strong>inseguridad</strong> que nos agobia.</p>



<p class="has-text-align-left">La verdadera modernidad no está en multiplicar derechos imposible de cumplir ni en seguir el ritmo de un progresismo desmedido. La <strong>modernidad real</strong> está en tener instituciones fuertes, una Constitución breve y clara, una economía abierta al mundo, seguridad para los ciudadanos y respeto a la <strong>libertad individual</strong>.</p>



<figure class="wp-block-image"><img decoding="async" src="https://gk.city/wp-content/uploads/2021/12/constituciones-ecuador.jpg" alt="Una (breve) guía a todas las Constituciones del Ecuador" /></figure>
<span class="et_bloom_bottom_trigger"></span>

<p>La historia política del Ecuador puede resumirse en una sola palabra: inestabilidad. Desde 1830, cuando iniciamos la vida republicana con un presidente extranjero de origen venezolano, Juan José Flores, arrastramos la contradicción de un proyecto nacional marcado más por la influencia externa y las disputas caudillistas que por una visión solida de Estado.&nbsp;Aquella fragilidad inicial [&hellip;]</p>

<!-- This site is optimized with the Yoast SEO plugin v27.5 - https://yoast.com/product/yoast-seo-wordpress/ -->
<title>La Inestabilidad Hecha Norma - Polis Ecuador</title>
<meta name="description" content="Análisis enfocado en la problemática constitucional a lo largo de la historia republicana del Ecuador y como este desde sus orígenes ha presentado falencias." />
<meta name="robots" content="index, follow, max-snippet:-1, max-image-preview:large, max-video-preview:-1" />
<link rel="canonical" href="https://polisecuador.org/en/editoriales/la-inestabilidad-hecha-norma/" />
<meta property="og:locale" content="en_US" />
<meta property="og:type" content="article" />
<meta property="og:title" content="La Inestabilidad Hecha Norma - Polis Ecuador" />
<meta property="og:description" content="Análisis enfocado en la problemática constitucional a lo largo de la historia republicana del Ecuador y como este desde sus orígenes ha presentado falencias." />
<meta property="og:url" content="https://polisecuador.org/en/editoriales/la-inestabilidad-hecha-norma/" />
<meta property="og:site_name" content="Polis Ecuador" />
<meta property="article:publisher" content="https://www.facebook.com/polisecuador" />
<meta property="article:modified_time" content="2025-09-03T04:29:12+00:00" />
<meta property="og:image" content="https://gk.city/wp-content/uploads/2021/12/constituciones-ecuador.jpg" />
<meta name="twitter:card" content="summary_large_image" />
<meta name="twitter:site" content="@polisecuador" />
<meta name="twitter:label1" content="Est. reading time" />
	<meta name="twitter:data1" content="2 minutes" />
<script type="application/ld+json" class="yoast-schema-graph">{"@context":"https:\/\/schema.org","@graph":[{"@type":"WebPage","@id":"https:\/\/polisecuador.org\/editoriales\/la-inestabilidad-hecha-norma\/","url":"https:\/\/polisecuador.org\/editoriales\/la-inestabilidad-hecha-norma\/","name":"La Inestabilidad Hecha Norma - Polis Ecuador","isPartOf":{"@id":"https:\/\/polisecuador.org\/#website"},"primaryImageOfPage":{"@id":"https:\/\/polisecuador.org\/editoriales\/la-inestabilidad-hecha-norma\/#primaryimage"},"image":{"@id":"https:\/\/polisecuador.org\/editoriales\/la-inestabilidad-hecha-norma\/#primaryimage"},"thumbnailUrl":"https:\/\/gk.city\/wp-content\/uploads\/2021\/12\/constituciones-ecuador.jpg","datePublished":"2025-09-02T20:43:56+00:00","dateModified":"2025-09-03T04:29:12+00:00","description":"Análisis enfocado en la problemática constitucional a lo largo de la historia republicana del Ecuador y como este desde sus orígenes ha presentado falencias.","breadcrumb":{"@id":"https:\/\/polisecuador.org\/editoriales\/la-inestabilidad-hecha-norma\/#breadcrumb"},"inLanguage":"en-US","potentialAction":[{"@type":"ReadAction","target":["https:\/\/polisecuador.org\/editoriales\/la-inestabilidad-hecha-norma\/"]}]},{"@type":"ImageObject","inLanguage":"en-US","@id":"https:\/\/polisecuador.org\/editoriales\/la-inestabilidad-hecha-norma\/#primaryimage","url":"https:\/\/gk.city\/wp-content\/uploads\/2021\/12\/constituciones-ecuador.jpg","contentUrl":"https:\/\/gk.city\/wp-content\/uploads\/2021\/12\/constituciones-ecuador.jpg"},{"@type":"BreadcrumbList","@id":"https:\/\/polisecuador.org\/editoriales\/la-inestabilidad-hecha-norma\/#breadcrumb","itemListElement":[{"@type":"ListItem","position":1,"name":"Portada","item":"https:\/\/polisecuador.org\/"},{"@type":"ListItem","position":2,"name":"La Inestabilidad Hecha Norma"}]},{"@type":"WebSite","@id":"https:\/\/polisecuador.org\/#website","url":"https:\/\/polisecuador.org\/","name":"Polis Ecuador","description":"Academia de Formación Política","publisher":{"@id":"https:\/\/polisecuador.org\/#organization"},"potentialAction":[{"@type":"SearchAction","target":{"@type":"EntryPoint","urlTemplate":"https:\/\/polisecuador.org\/?s={search_term_string}"},"query-input":{"@type":"PropertyValueSpecification","valueRequired":true,"valueName":"search_term_string"}}],"inLanguage":"en-US"},{"@type":"Organization","@id":"https:\/\/polisecuador.org\/#organization","name":"Polis Ecuador","url":"https:\/\/polisecuador.org\/","logo":{"@type":"ImageObject","inLanguage":"en-US","@id":"https:\/\/polisecuador.org\/#\/schema\/logo\/image\/","url":"https:\/\/polisecuador.org\/wp-content\/uploads\/2023\/04\/polis-web.svg","contentUrl":"https:\/\/polisecuador.org\/wp-content\/uploads\/2023\/04\/polis-web.svg","width":1391.69000000000005456968210637569427490234375,"height":754.1299999999999954525264911353588104248046875,"caption":"Polis Ecuador"},"image":{"@id":"https:\/\/polisecuador.org\/#\/schema\/logo\/image\/"},"sameAs":["https:\/\/www.facebook.com\/polisecuador","https:\/\/x.com\/polisecuador"]}]}</script>
<!-- / Yoast SEO plugin. -->

Análisis enfocado en la problemática constitucional a lo largo de la historia republicana del Ecuador y como este desde sus orígenes ha presentado falencias.

Academia de Formación Política
