{"id":2204,"date":"2025-09-04T15:26:29","date_gmt":"2025-09-04T15:26:29","guid":{"rendered":"https:\/\/polisecuador.org\/?p=2204&#038;post_type=editoriales&#038;preview_id=2204"},"modified":"2025-09-05T02:37:27","modified_gmt":"2025-09-05T02:37:27","slug":"herederos-de-la-libertad-guardianes-de-la-dignidad","status":"publish","type":"editoriales","link":"https:\/\/polisecuador.org\/en\/editoriales\/herederos-de-la-libertad-guardianes-de-la-dignidad\/","title":{"rendered":"Herederos de la libertad, guardianes de la dignidad"},"content":{"rendered":"<p>Cuando hablamos de derechos humanos, no puedo evitar recordar que no nacieron de un d\u00eda para otro, ni fueron regalados por los poderosos. Fueron luchas, muchas veces con sangre, l\u00e1grimas y valent\u00eda. La historia esta llena de injusticias, llena de voces que se levantaron y nos recordaron que la dignidad no se mendiga, se defiende.<br \/>\nComo abogado y ciudadano, siento que pertenezco a esa larga cadena de hombres y mujeres que han cre\u00eddo que otro mundo es posible. Desde la Revoluci\u00f3n Francesa de 1789, que proclam\u00f3 los derechos de libertad, igualdad, hasta la Declaraci\u00f3n Universal de 1948, firmada tras el horror de la Segunda Guerra Mundial, hay un hilo invisible que une las luchas de la humanidad, el derecho a vivir con dignidad.<\/p>\n<p>En Am\u00e9rica Latina tambi\u00e9n tenemos nuestras p\u00e1ginas luminosas y dolorosas. Pienso en las madres y abuelas de la Plaza de Mayo, en Argentina, que con pa\u00f1uelos blancos en la cabeza se enfrentaron a una dictadura que les arrebat\u00f3 a sus hijos. Pienso en nuestros pueblos ind\u00edgenas, que han resistido siglos de exclusi\u00f3n y a\u00fan hoy exigen el reconocimiento pleno de su cultura y sus derechos. Pienso tambi\u00e9n en Matilde Hidalgo, la ecuatoriana que, con valent\u00eda, se convirti\u00f3 en la primera mujer en ejercer el derecho al voto en Am\u00e9rica Latina, record\u00e1ndonos que la igualdad de g\u00e9nero no es concesi\u00f3n, sino conquista.<\/p>\n<p>Todo eso me interpela de manera personal. Entiendo que mi oficio como abogado no es solo aplicar leyes, sino tambi\u00e9n mantener viva esa memoria hist\u00f3rica de luchas que nos trajeron hasta aqu\u00ed. Defender los derechos humanos es, para m\u00ed, continuar una obra que empez\u00f3 antes de m\u00ed y que seguir\u00e1 despu\u00e9s, la de construir un mundo en el que la justicia no sea privilegio de pocos, sino garant\u00eda para todos.<\/p>\n<p>No es f\u00e1cil, lo s\u00e9. Cada d\u00eda vemos c\u00f3mo se vulneran, c\u00f3mo se pretende silenciar a quienes reclaman. Pero mientras existan voces dispuestas a recordar que la dignidad humana es innegociable, habr\u00e1 esperanza. Y yo, desde mi peque\u00f1o espacio, me sumo a esa voz. Porque en definitiva, los derechos humanos no son un ideal lejano, son la br\u00fajula que debe guiar mi vida, mi profesi\u00f3n y mi compromiso con los dem\u00e1s.<\/p>\n<span class=\"et_bloom_bottom_trigger\"><\/span>","protected":false},"excerpt":{"rendered":"<p>Cuando hablamos de derechos humanos, no puedo evitar recordar que no nacieron de un d\u00eda para otro, ni fueron regalados por los poderosos. Fueron luchas, muchas veces con sangre, l\u00e1grimas y valent\u00eda. La historia esta llena de injusticias, llena de voces que se levantaron y nos recordaron que la dignidad no se mendiga, se defiende. [&hellip;]<\/p>\n","protected":false},"author":96,"featured_media":0,"template":"","class_list":["post-2204","editoriales","type-editoriales","status-publish","hentry"],"pp_statuses_selecting_workflow":false,"pp_workflow_action":"current","pp_status_selection":"publish","acf":[],"yoast_head":"<!-- This site is optimized with the Yoast SEO plugin v27.5 - https:\/\/yoast.com\/product\/yoast-seo-wordpress\/ -->\n<title>Herederos de la libertad, guardianes de la dignidad - Polis Ecuador<\/title>\n<meta name=\"robots\" content=\"index, follow, max-snippet:-1, max-image-preview:large, max-video-preview:-1\" \/>\n<link rel=\"canonical\" href=\"https:\/\/polisecuador.org\/en\/editoriales\/herederos-de-la-libertad-guardianes-de-la-dignidad\/\" \/>\n<meta property=\"og:locale\" content=\"en_US\" \/>\n<meta property=\"og:type\" content=\"article\" \/>\n<meta property=\"og:title\" content=\"Herederos de la libertad, guardianes de la dignidad - Polis Ecuador\" \/>\n<meta property=\"og:description\" content=\"Cuando hablamos de derechos humanos, no puedo evitar recordar que no nacieron de un d\u00eda para otro, ni fueron regalados por los poderosos. Fueron luchas, muchas veces con sangre, l\u00e1grimas y valent\u00eda. La historia esta llena de injusticias, llena de voces que se levantaron y nos recordaron que la dignidad no se mendiga, se defiende. [&hellip;]\" \/>\n<meta property=\"og:url\" content=\"https:\/\/polisecuador.org\/en\/editoriales\/herederos-de-la-libertad-guardianes-de-la-dignidad\/\" \/>\n<meta property=\"og:site_name\" content=\"Polis Ecuador\" \/>\n<meta property=\"article:publisher\" content=\"https:\/\/www.facebook.com\/polisecuador\" \/>\n<meta property=\"article:modified_time\" content=\"2025-09-05T02:37:27+00:00\" \/>\n<meta property=\"og:image\" content=\"https:\/\/polisecuador.org\/wp-content\/uploads\/2024\/05\/Sin-titulo-2.png\" \/>\n\t<meta property=\"og:image:width\" content=\"1500\" \/>\n\t<meta property=\"og:image:height\" content=\"500\" \/>\n\t<meta property=\"og:image:type\" content=\"image\/png\" \/>\n<meta name=\"twitter:card\" content=\"summary_large_image\" \/>\n<meta name=\"twitter:site\" content=\"@polisecuador\" \/>\n<meta name=\"twitter:label1\" content=\"Est. reading time\" \/>\n\t<meta name=\"twitter:data1\" content=\"2 minutes\" \/>\n<script type=\"application\/ld+json\" class=\"yoast-schema-graph\">{\"@context\":\"https:\\\/\\\/schema.org\",\"@graph\":[{\"@type\":\"WebPage\",\"@id\":\"https:\\\/\\\/polisecuador.org\\\/editoriales\\\/herederos-de-la-libertad-guardianes-de-la-dignidad\\\/\",\"url\":\"https:\\\/\\\/polisecuador.org\\\/editoriales\\\/herederos-de-la-libertad-guardianes-de-la-dignidad\\\/\",\"name\":\"Herederos de la libertad, guardianes de la dignidad - Polis Ecuador\",\"isPartOf\":{\"@id\":\"https:\\\/\\\/polisecuador.org\\\/#website\"},\"datePublished\":\"2025-09-04T15:26:29+00:00\",\"dateModified\":\"2025-09-05T02:37:27+00:00\",\"breadcrumb\":{\"@id\":\"https:\\\/\\\/polisecuador.org\\\/editoriales\\\/herederos-de-la-libertad-guardianes-de-la-dignidad\\\/#breadcrumb\"},\"inLanguage\":\"en-US\",\"potentialAction\":[{\"@type\":\"ReadAction\",\"target\":[\"https:\\\/\\\/polisecuador.org\\\/editoriales\\\/herederos-de-la-libertad-guardianes-de-la-dignidad\\\/\"]}]},{\"@type\":\"BreadcrumbList\",\"@id\":\"https:\\\/\\\/polisecuador.org\\\/editoriales\\\/herederos-de-la-libertad-guardianes-de-la-dignidad\\\/#breadcrumb\",\"itemListElement\":[{\"@type\":\"ListItem\",\"position\":1,\"name\":\"Portada\",\"item\":\"https:\\\/\\\/polisecuador.org\\\/\"},{\"@type\":\"ListItem\",\"position\":2,\"name\":\"Herederos de la libertad, guardianes de la dignidad\"}]},{\"@type\":\"WebSite\",\"@id\":\"https:\\\/\\\/polisecuador.org\\\/#website\",\"url\":\"https:\\\/\\\/polisecuador.org\\\/\",\"name\":\"Polis Ecuador\",\"description\":\"Academia de Formaci\u00f3n Pol\u00edtica\",\"publisher\":{\"@id\":\"https:\\\/\\\/polisecuador.org\\\/#organization\"},\"potentialAction\":[{\"@type\":\"SearchAction\",\"target\":{\"@type\":\"EntryPoint\",\"urlTemplate\":\"https:\\\/\\\/polisecuador.org\\\/?s={search_term_string}\"},\"query-input\":{\"@type\":\"PropertyValueSpecification\",\"valueRequired\":true,\"valueName\":\"search_term_string\"}}],\"inLanguage\":\"en-US\"},{\"@type\":\"Organization\",\"@id\":\"https:\\\/\\\/polisecuador.org\\\/#organization\",\"name\":\"Polis Ecuador\",\"url\":\"https:\\\/\\\/polisecuador.org\\\/\",\"logo\":{\"@type\":\"ImageObject\",\"inLanguage\":\"en-US\",\"@id\":\"https:\\\/\\\/polisecuador.org\\\/#\\\/schema\\\/logo\\\/image\\\/\",\"url\":\"https:\\\/\\\/polisecuador.org\\\/wp-content\\\/uploads\\\/2023\\\/04\\\/polis-web.svg\",\"contentUrl\":\"https:\\\/\\\/polisecuador.org\\\/wp-content\\\/uploads\\\/2023\\\/04\\\/polis-web.svg\",\"width\":1391.69000000000005456968210637569427490234375,\"height\":754.1299999999999954525264911353588104248046875,\"caption\":\"Polis Ecuador\"},\"image\":{\"@id\":\"https:\\\/\\\/polisecuador.org\\\/#\\\/schema\\\/logo\\\/image\\\/\"},\"sameAs\":[\"https:\\\/\\\/www.facebook.com\\\/polisecuador\",\"https:\\\/\\\/x.com\\\/polisecuador\"]}]}<\/script>\n<!-- \/ Yoast SEO plugin. -->","yoast_head_json":{"title":"Herederos de la libertad, guardianes de la dignidad - Polis Ecuador","robots":{"index":"index","follow":"follow","max-snippet":"max-snippet:-1","max-image-preview":"max-image-preview:large","max-video-preview":"max-video-preview:-1"},"canonical":"https:\/\/polisecuador.org\/en\/editoriales\/herederos-de-la-libertad-guardianes-de-la-dignidad\/","og_locale":"en_US","og_type":"article","og_title":"Herederos de la libertad, guardianes de la dignidad - Polis Ecuador","og_description":"Cuando hablamos de derechos humanos, no puedo evitar recordar que no nacieron de un d\u00eda para otro, ni fueron regalados por los poderosos. Fueron luchas, muchas veces con sangre, l\u00e1grimas y valent\u00eda. La historia esta llena de injusticias, llena de voces que se levantaron y nos recordaron que la dignidad no se mendiga, se defiende. [&hellip;]","og_url":"https:\/\/polisecuador.org\/en\/editoriales\/herederos-de-la-libertad-guardianes-de-la-dignidad\/","og_site_name":"Polis Ecuador","article_publisher":"https:\/\/www.facebook.com\/polisecuador","article_modified_time":"2025-09-05T02:37:27+00:00","og_image":[{"width":1500,"height":500,"url":"https:\/\/polisecuador.org\/wp-content\/uploads\/2024\/05\/Sin-titulo-2.png","type":"image\/png"}],"twitter_card":"summary_large_image","twitter_site":"@polisecuador","twitter_misc":{"Est. reading time":"2 minutes"},"schema":{"@context":"https:\/\/schema.org","@graph":[{"@type":"WebPage","@id":"https:\/\/polisecuador.org\/editoriales\/herederos-de-la-libertad-guardianes-de-la-dignidad\/","url":"https:\/\/polisecuador.org\/editoriales\/herederos-de-la-libertad-guardianes-de-la-dignidad\/","name":"Herederos de la libertad, guardianes de la dignidad - Polis Ecuador","isPartOf":{"@id":"https:\/\/polisecuador.org\/#website"},"datePublished":"2025-09-04T15:26:29+00:00","dateModified":"2025-09-05T02:37:27+00:00","breadcrumb":{"@id":"https:\/\/polisecuador.org\/editoriales\/herederos-de-la-libertad-guardianes-de-la-dignidad\/#breadcrumb"},"inLanguage":"en-US","potentialAction":[{"@type":"ReadAction","target":["https:\/\/polisecuador.org\/editoriales\/herederos-de-la-libertad-guardianes-de-la-dignidad\/"]}]},{"@type":"BreadcrumbList","@id":"https:\/\/polisecuador.org\/editoriales\/herederos-de-la-libertad-guardianes-de-la-dignidad\/#breadcrumb","itemListElement":[{"@type":"ListItem","position":1,"name":"Portada","item":"https:\/\/polisecuador.org\/"},{"@type":"ListItem","position":2,"name":"Herederos de la libertad, guardianes de la dignidad"}]},{"@type":"WebSite","@id":"https:\/\/polisecuador.org\/#website","url":"https:\/\/polisecuador.org\/","name":"Polis Ecuador","description":"Academia de Formaci\u00f3n Pol\u00edtica","publisher":{"@id":"https:\/\/polisecuador.org\/#organization"},"potentialAction":[{"@type":"SearchAction","target":{"@type":"EntryPoint","urlTemplate":"https:\/\/polisecuador.org\/?s={search_term_string}"},"query-input":{"@type":"PropertyValueSpecification","valueRequired":true,"valueName":"search_term_string"}}],"inLanguage":"en-US"},{"@type":"Organization","@id":"https:\/\/polisecuador.org\/#organization","name":"Polis Ecuador","url":"https:\/\/polisecuador.org\/","logo":{"@type":"ImageObject","inLanguage":"en-US","@id":"https:\/\/polisecuador.org\/#\/schema\/logo\/image\/","url":"https:\/\/polisecuador.org\/wp-content\/uploads\/2023\/04\/polis-web.svg","contentUrl":"https:\/\/polisecuador.org\/wp-content\/uploads\/2023\/04\/polis-web.svg","width":1391.69000000000005456968210637569427490234375,"height":754.1299999999999954525264911353588104248046875,"caption":"Polis Ecuador"},"image":{"@id":"https:\/\/polisecuador.org\/#\/schema\/logo\/image\/"},"sameAs":["https:\/\/www.facebook.com\/polisecuador","https:\/\/x.com\/polisecuador"]}]}},"_links":{"self":[{"href":"https:\/\/polisecuador.org\/en\/wp-json\/wp\/v2\/editoriales\/2204","targetHints":{"allow":["GET"]}}],"collection":[{"href":"https:\/\/polisecuador.org\/en\/wp-json\/wp\/v2\/editoriales"}],"about":[{"href":"https:\/\/polisecuador.org\/en\/wp-json\/wp\/v2\/types\/editoriales"}],"author":[{"embeddable":true,"href":"https:\/\/polisecuador.org\/en\/wp-json\/wp\/v2\/users\/96"}],"wp:attachment":[{"href":"https:\/\/polisecuador.org\/en\/wp-json\/wp\/v2\/media?parent=2204"}],"curies":[{"name":"wp","href":"https:\/\/api.w.org\/{rel}","templated":true}]}}

<p>Cuando hablamos de derechos humanos, no puedo evitar recordar que no nacieron de un día para otro, ni fueron regalados por los poderosos. Fueron luchas, muchas veces con sangre, lágrimas y valentía. La historia esta llena de injusticias, llena de voces que se levantaron y nos recordaron que la dignidad no se mendiga, se defiende.<br />
Como abogado y ciudadano, siento que pertenezco a esa larga cadena de hombres y mujeres que han creído que otro mundo es posible. Desde la Revolución Francesa de 1789, que proclamó los derechos de libertad, igualdad, hasta la Declaración Universal de 1948, firmada tras el horror de la Segunda Guerra Mundial, hay un hilo invisible que une las luchas de la humanidad, el derecho a vivir con dignidad.</p>
<p>En América Latina también tenemos nuestras páginas luminosas y dolorosas. Pienso en las madres y abuelas de la Plaza de Mayo, en Argentina, que con pañuelos blancos en la cabeza se enfrentaron a una dictadura que les arrebató a sus hijos. Pienso en nuestros pueblos indígenas, que han resistido siglos de exclusión y aún hoy exigen el reconocimiento pleno de su cultura y sus derechos. Pienso también en Matilde Hidalgo, la ecuatoriana que, con valentía, se convirtió en la primera mujer en ejercer el derecho al voto en América Latina, recordándonos que la igualdad de género no es concesión, sino conquista.</p>
<p>Todo eso me interpela de manera personal. Entiendo que mi oficio como abogado no es solo aplicar leyes, sino también mantener viva esa memoria histórica de luchas que nos trajeron hasta aquí. Defender los derechos humanos es, para mí, continuar una obra que empezó antes de mí y que seguirá después, la de construir un mundo en el que la justicia no sea privilegio de pocos, sino garantía para todos.</p>
<p>No es fácil, lo sé. Cada día vemos cómo se vulneran, cómo se pretende silenciar a quienes reclaman. Pero mientras existan voces dispuestas a recordar que la dignidad humana es innegociable, habrá esperanza. Y yo, desde mi pequeño espacio, me sumo a esa voz. Porque en definitiva, los derechos humanos no son un ideal lejano, son la brújula que debe guiar mi vida, mi profesión y mi compromiso con los demás.</p>
<span class="et_bloom_bottom_trigger"></span>

<p>Cuando hablamos de derechos humanos, no puedo evitar recordar que no nacieron de un día para otro, ni fueron regalados por los poderosos. Fueron luchas, muchas veces con sangre, lágrimas y valentía. La historia esta llena de injusticias, llena de voces que se levantaron y nos recordaron que la dignidad no se mendiga, se defiende. [&hellip;]</p>

<!-- This site is optimized with the Yoast SEO plugin v27.5 - https://yoast.com/product/yoast-seo-wordpress/ -->
<title>Herederos de la libertad, guardianes de la dignidad - Polis Ecuador</title>
<meta name="robots" content="index, follow, max-snippet:-1, max-image-preview:large, max-video-preview:-1" />
<link rel="canonical" href="https://polisecuador.org/en/editoriales/herederos-de-la-libertad-guardianes-de-la-dignidad/" />
<meta property="og:locale" content="en_US" />
<meta property="og:type" content="article" />
<meta property="og:title" content="Herederos de la libertad, guardianes de la dignidad - Polis Ecuador" />
<meta property="og:description" content="Cuando hablamos de derechos humanos, no puedo evitar recordar que no nacieron de un día para otro, ni fueron regalados por los poderosos. Fueron luchas, muchas veces con sangre, lágrimas y valentía. La historia esta llena de injusticias, llena de voces que se levantaron y nos recordaron que la dignidad no se mendiga, se defiende. [&hellip;]" />
<meta property="og:url" content="https://polisecuador.org/en/editoriales/herederos-de-la-libertad-guardianes-de-la-dignidad/" />
<meta property="og:site_name" content="Polis Ecuador" />
<meta property="article:publisher" content="https://www.facebook.com/polisecuador" />
<meta property="article:modified_time" content="2025-09-05T02:37:27+00:00" />
<meta property="og:image" content="https://polisecuador.org/wp-content/uploads/2024/05/Sin-titulo-2.png" />
	<meta property="og:image:width" content="1500" />
	<meta property="og:image:height" content="500" />
	<meta property="og:image:type" content="image/png" />
<meta name="twitter:card" content="summary_large_image" />
<meta name="twitter:site" content="@polisecuador" />
<meta name="twitter:label1" content="Est. reading time" />
	<meta name="twitter:data1" content="2 minutes" />
<script type="application/ld+json" class="yoast-schema-graph">{"@context":"https:\/\/schema.org","@graph":[{"@type":"WebPage","@id":"https:\/\/polisecuador.org\/editoriales\/herederos-de-la-libertad-guardianes-de-la-dignidad\/","url":"https:\/\/polisecuador.org\/editoriales\/herederos-de-la-libertad-guardianes-de-la-dignidad\/","name":"Herederos de la libertad, guardianes de la dignidad - Polis Ecuador","isPartOf":{"@id":"https:\/\/polisecuador.org\/#website"},"datePublished":"2025-09-04T15:26:29+00:00","dateModified":"2025-09-05T02:37:27+00:00","breadcrumb":{"@id":"https:\/\/polisecuador.org\/editoriales\/herederos-de-la-libertad-guardianes-de-la-dignidad\/#breadcrumb"},"inLanguage":"en-US","potentialAction":[{"@type":"ReadAction","target":["https:\/\/polisecuador.org\/editoriales\/herederos-de-la-libertad-guardianes-de-la-dignidad\/"]}]},{"@type":"BreadcrumbList","@id":"https:\/\/polisecuador.org\/editoriales\/herederos-de-la-libertad-guardianes-de-la-dignidad\/#breadcrumb","itemListElement":[{"@type":"ListItem","position":1,"name":"Portada","item":"https:\/\/polisecuador.org\/"},{"@type":"ListItem","position":2,"name":"Herederos de la libertad, guardianes de la dignidad"}]},{"@type":"WebSite","@id":"https:\/\/polisecuador.org\/#website","url":"https:\/\/polisecuador.org\/","name":"Polis Ecuador","description":"Academia de Formación Política","publisher":{"@id":"https:\/\/polisecuador.org\/#organization"},"potentialAction":[{"@type":"SearchAction","target":{"@type":"EntryPoint","urlTemplate":"https:\/\/polisecuador.org\/?s={search_term_string}"},"query-input":{"@type":"PropertyValueSpecification","valueRequired":true,"valueName":"search_term_string"}}],"inLanguage":"en-US"},{"@type":"Organization","@id":"https:\/\/polisecuador.org\/#organization","name":"Polis Ecuador","url":"https:\/\/polisecuador.org\/","logo":{"@type":"ImageObject","inLanguage":"en-US","@id":"https:\/\/polisecuador.org\/#\/schema\/logo\/image\/","url":"https:\/\/polisecuador.org\/wp-content\/uploads\/2023\/04\/polis-web.svg","contentUrl":"https:\/\/polisecuador.org\/wp-content\/uploads\/2023\/04\/polis-web.svg","width":1391.69000000000005456968210637569427490234375,"height":754.1299999999999954525264911353588104248046875,"caption":"Polis Ecuador"},"image":{"@id":"https:\/\/polisecuador.org\/#\/schema\/logo\/image\/"},"sameAs":["https:\/\/www.facebook.com\/polisecuador","https:\/\/x.com\/polisecuador"]}]}</script>
<!-- / Yoast SEO plugin. -->

Cuando hablamos de derechos humanos, no puedo evitar recordar que no nacieron de un día para otro, ni fueron regalados por los poderosos. Fueron luchas, muchas veces con sangre, lágrimas y valentía. La historia esta llena de injusticias, llena de voces que se levantaron y nos recordaron que la dignidad no se mendiga, se defiende. [&hellip;]

Academia de Formación Política
